1
In base 16, what is 1a7 + ab?
252
In base 6, what is 31044 + -112?
30532
In base 14, what is -5 - -616a?
6165
In base 6, what is -2344241 + 1?
-2344240
In base 7, what is -30 - 66466?
-66526
In base 15, what is -12c4 - 82a?
-1aee
In base 16, what is 6137 - -2?
6139
In base 16, what is -214 + -28?
-23c
In base 9, what is 73 + 1712?
1785
In base 13, what is 4 + -881a4?
-881a0
In base 12, what is 12a + -260?
-132
In base 15, what is -5 - 1db0?
-1db5
In base 9, what is 4524 - -125?
4650
In base 16, what is -27d1 + -24?
-27f5
In base 16, what is -12ec - -b8?
-1234
In base 7, what is 0 + -11616543?
-11616543
In base 12, what is 9 + -44232?
-44225
In base 15, what is -a02b - -42?
-9ed9
In base 16, what is -4b6 + -3b?
-4f1
In base 11, what is 3 + 4530?
4533
In base 4, what is 2011 - -101?
2112
In base 14, what is -47c10c + -4?
-47c112
In base 5, what is 11413413211 - -10?
11413413221
In base 9, what is -1485 + -23?
-1518
In base 6, what is 131502 - 1?
131501
In base 7, what is -11 + -10542?
-10553
In base 10, what is -67998 + 0?
-67998
In base 2, what is -1001 - -10100001?
10011000
In base 7, what is -4255614 - 3?
-4255620
In base 4, what is 11 - -1211011?
1211022
In base 10, what is 262 + -1750?
-1488
In base 16, what is -171a8 + -8?
-171b0
In base 16, what is -1f + -1b3?
-1d2
In base 10, what is -21789 - 1?
-21790
In base 5, what is 3402 + -143?
3204
In base 16, what is 14 - 212?
-1fe
In base 11, what is 4 + a055?
a059
In base 15, what is 2 - a18d?
-a18b
In base 16, what is b887 - -2?
b889
In base 6, what is 102522 + 3130?
110052
In base 9, what is 3341 + 13?
3354
In base 5, what is -2021 + -22424?
-30000
In base 16, what is 9 + -30d8?
-30cf
In base 7, what is 2161322 + -4?
2161315
In base 8, what is -14 - -143577?
143563
In base 8, what is -7 - -117553?
117544
In base 7, what is 26 - -151153?
151212
In base 8, what is -54 - -3013?
2737
In base 5, what is -2032 + -122431?
-130013
In base 10, what is 1602637 + 3?
1602640
In base 9, what is 58 - 3133?
-3064
In base 3, what is -1112021211002 + 2?
-1112021211000
In base 5, what is -103 + -40240?
-40343
In base 7, what is -266403 + 10?
-266363
In base 16, what is 1 + -f1f8d?
-f1f8c
In base 13, what is -4 + -3a60?
-3a64
In base 7, what is 30 - 342634?
-342604
In base 13, what is 3 + 57a?
580
In base 14, what is -101 + -705?
-806
In base 10, what is -7 + 24070?
24063
In base 2, what is 1010110001001000000 - 1001?
1010110001000110111
In base 12, what is 107 - 4924?
-4819
In base 4, what is -11003 + -112?
-11121
In base 12, what is -5 - 175241?
-175246
In base 10, what is -2099 - -12?
-2087
In base 5, what is -1 + 343131?
343130
In base 12, what is -2 + 3765?
3763
In base 9, what is 5 - -24783?
24788
In base 11, what is -70a9 - 484?
-7582
In base 16, what is -37 + 225c?
2225
In base 10, what is -5 - 1548?
-1553
In base 13, what is -1 - 4547?
-4548
In base 9, what is 577 - -804?
1482
In base 12, what is a1 - -2bb6?
3097
In base 3, what is 12020000 + -10?
12012220
In base 10, what is 2731 + -101?
2630
In base 15, what is 221 + -43?
1cd
In base 5, what is -4 + 1023321?
1023312
In base 6, what is 31525 + 1540?
33505
In base 5, what is 112033132 + 0?
112033132
In base 6, what is 135 - -10105?
10244
In base 6, what is -5 - -33434341?
33434332
In base 15, what is 345 - 12?
333
In base 15, what is -9 - -24c5?
24bb
In base 12, what is -2 + 13641?
1363b
In base 6, what is -113133 - -142?
-112551
In base 10, what is -21322 + 0?
-21322
In base 12, what is -2 - 14809?
-1480b
In base 4, what is -122320121 - -31?
-122320030
In base 10, what is 58785 + 1?
58786
In base 16, what is 38 - -28d?
2c5
In base 16, what is -a3f11 - -3?
-a3f0e
In base 16, what is -cb - -24d?
182
In base 11, what is -9 - 9a13?
-9a21
In base 3, what is -10102001 + -11?
-10102012
In base 15, what is -23a08 - 3?
-23a0b
In base 6, what is 105052 + 2053?
111145
In base 5, what is 1103022 + 3030?
1111102
In base 5, what is -423412 - -24?
-423333
In base 4, what is 30133201 + -10?
30133131
In base 16, what is 3 + -257dc?
-257d9
In base 4, what is 11 + -2111122?
-2111111
In base 11, what is -386 + 41?
-345
In base 6, what is -3410310 - -1?
-3410305
In base 10, what is -14966 + 7?
-14959
In base 14, what is -7 + -15c314?
-15c31b
In base 7, what is -3 - -62552?
62546
In base 10, what is 1 - -384275?
384276
In base 11, what is 282 - -27?
2a9
In base 3, what is 11 - 121020200212?
-121020200201
In base 11, what is -54 + -897?
-940
In base 8, what is 76 + 277754?
300052
In base 4, what is -1232 + -310213?
-312111
In base 11, what is 4 - 26758a?
-267586
In base 2, what is 1010100000010011 - 110?
1010100000001101
In base 10, what is 6 - 544?
-538
In base 10, what is 18642 - 51?
18591
In base 10, what is 0 + 3488?
3488
In base 4, what is 10010310 + -2?
10010302
In base 2, what is -111000110 - -100111111010?
100000110100
In base 11, what is 5 - 809457?
-809452
In base 12, what is -4 - -125?
121
In base 5, what is 4323233 + 0?
4323233
In base 5, what is -3413 - 2101?
-11014
In base 7, what is -101012 - -11?
-101001
In base 9, what is 136852 - 5?
136846
In base 15, what is -61e - 18?
-637
In base 16, what is 951c - -b?
9527
In base 11, what is 3 + 64079?
64081
In base 7, what is 3062 + 110?
3202
In base 11, what is 89 + -8173?
-8095
In base 2, what is -11 - -11011011100101?
11011011100010
In base 14, what is 2b - -d26?
d53
In base 8, what is 3 + -21362?
-21357
In base 14, what is -4 + 18a1a9?
18a1a5
In base 8, what is 4 - 57446?
-57442
In base 8, what is -41401 - 62?
-41463
In base 4, what is -113230 - -310?
-112320
In base 7, what is 54155 + 55?
54243
In base 8, what is 3474 + -202?
3272
In base 11, what is 97 - 8605?
-8519
In base 13, what is 8960 + -56?
8907
In base 3, what is 2110 + 2002121?
2012001
In base 12, what is -77 - -212?
157
In base 8, what is 340 - -415?
755
In base 5, what is 441213 + -134?
441024
In base 12, what is -a2244a - 3?
-a22451
In base 4, what is 211 + -21130?
-20313
In base 10, what is -269 + -139?
-408
In base 11, what is 44a3 + -183?
4320
In base 14, what is -45 - -4a6?
461
In base 2, what is -11010 + -100100101000010000?
-100100101000101010
In base 13, what is -480 + 4?
-479
In base 7, what is -4113 - -462?
-3321
In base 6, what is -12 - -12120?
12104
In base 2, what is -101100110100001011010 + 100?
-101100110100001010110
In base 2, what is -101111 + -1100001011?
-1100111010
In base 10, what is 14756 - 92?
14664
In base 11, what is -2149482 + 3?
-214947a
In base 7, what is -43 - -16416?
16343
In base 7, what is -64 + 1616?
1522
In base 12, what is -1 - -2b603?
2b602
In base 12, what is -122 + -1161?
-1283
In base 9, what is -818 - 370?
-1288
In base 13, what is -71 - 617?
-688
In base 3, what is 22001 - 221222?
-122221
In base 12, what is 0 + 14947?
14947
In base 13, what is -51 + 21c?
19b
In base 6, what is -2 + -442020?
-442022
In base 10, what is -2 - -2807?
2805
In base 15, what is -3 - b82e6?
-b82e9
In base 13, what is -aa - -960?
883
In base 6, what is -13 - -213224?
213211
In base 8, what is 4270 - 36?
4232
In base 13, what is 238c5 + -3?
238c2
In base 13, what is 5 + -34570?
-34568
In base 11, what is 55176 - -1?
55177
In base 14, what is -620a + 85?
-6165
In base 4, what is -332230101 + -10?
-332230111
In base 9, what is 304228 - 4?
304224
In base 13, what is 202 - -8?
20a
In base 8, what is -40460 - -2?
-40456
In base 10, what is 0 - -1845?
1845
In base 4, what is -11 + 1012000?
1011323
In base 2, what is 10001000100011 - 11000?
10001000001011
In base 9, what is -52381 - -7?
-52373
In base 16, what is -1 + 502?
501
In base 6, what is 245205 + -11?
245154
In base 10, what is 57 + 4182?
4239
In base 15, what is -6673 + -a?
-667d
In base 6, what is 3 - 2304135?
-2304132
In base 8, what is -53755 - 11?
-53766
In base 9, what is 3 + 1767?
1771
In base 8, what is 1051203 - 4?
1051177
In base 8, what is -20524 - -15?
-20507
In base 7, what is 251 - 111?
140
In base 12, what is -1516a4 + -1?
-1516a5
In base 14, what is a8c644 - -3?
a8c647
In base 7, what is -22145314 + -4?
-22145321
In base 6, what is -312024 + -120?
-312144
In base 16, what is 13273 + -7?
1326c
In base 12, what is -52a23 + 0?
-52a23
In base 8, what is -131 - -17535?
17404
In base 11, what is -3198 + 23?
-3175
In base 6, what is 35 - -13511?
13550
In base 4, what i